CRAN Package Check Results for Package varbvs

Last updated on 2021-06-24 07:50:32 CEST.

Flavor Version Tinstall Tcheck Ttotal Status Flags
r-devel-linux-x86_64-debian-clang 2.5-16 27.55 235.96 263.51 OK
r-devel-linux-x86_64-debian-gcc 2.5-16 16.98 185.89 202.87 OK
r-devel-linux-x86_64-fedora-clang 2.5-16 328.43 OK
r-devel-linux-x86_64-fedora-gcc 2.5-16 328.34 OK
r-devel-windows-x86_64 2.5-16 37.00 328.00 365.00 OK
r-devel-windows-x86_64-gcc10-UCRT 2.5-16 WARN
r-patched-linux-x86_64 2.5-16 26.13 237.60 263.73 OK
r-patched-solaris-x86 2.5-16 710.30 OK
r-release-linux-x86_64 2.5-16 21.95 241.61 263.56 OK
r-release-macos-arm64 2.5-16 OK
r-release-macos-x86_64 2.5-16 OK
r-release-windows-ix86+x86_64 2.5-16 65.00 461.00 526.00 OK
r-oldrel-macos-x86_64 2.5-16 OK

Check Details

Version: 2.5-16
Check: package dependencies
Result: NOTE
    Package suggested but not available for checking: 'curl'
Flavor: r-devel-windows-x86_64-gcc10-UCRT

Version: 2.5-16
Check: re-building of vignette outputs
Result: WARN
    Error(s) in re-building vignettes:
     ...
    --- re-building 'cd.Rmd' using rmarkdown
    --- finished re-building 'cd.Rmd'
    
    --- re-building 'cfw.Rmd' using rmarkdown
    Quitting from lines 27-30 (cfw.Rmd)
    Error: processing vignette 'cfw.Rmd' failed with diagnostics:
    there is no package called 'curl'
    --- failed re-building 'cfw.Rmd'
    
    --- re-building 'cytokine.Rmd' using rmarkdown
    --- finished re-building 'cytokine.Rmd'
    
    --- re-building 'leukemia.Rmd' using rmarkdown
    Loading required package: Matrix
    Loaded glmnet 4.1-1
    --- finished re-building 'leukemia.Rmd'
    
    SUMMARY: processing the following file failed:
     'cfw.Rmd'
    
    Error: Vignette re-building failed.
    Execution halted
Flavor: r-devel-windows-x86_64-gcc10-UCRT