CRAN Package Check Results for Package valueEQ5D

Last updated on 2022-08-10 03:53:28 CEST.

Flavor Version Tinstall Tcheck Ttotal Status Flags
r-devel-linux-x86_64-debian-clang 0.7.2 3.75 73.93 77.68 OK
r-devel-linux-x86_64-debian-gcc 0.7.2 3.04 54.60 57.64 OK
r-devel-linux-x86_64-fedora-clang 0.7.2 103.05 NOTE
r-devel-linux-x86_64-fedora-gcc 0.7.2 111.97 NOTE
r-devel-windows-x86_64 0.7.2 29.00 109.00 138.00 OK
r-patched-linux-x86_64 0.7.2 4.29 72.41 76.70 OK
r-release-linux-x86_64 0.7.2 OK
r-release-macos-arm64 0.7.2 29.00 NOTE
r-release-macos-x86_64 0.7.2 46.00 NOTE
r-release-windows-x86_64 0.7.2 35.00 111.00 146.00 OK
r-oldrel-macos-arm64 0.7.2 32.00 NOTE
r-oldrel-macos-x86_64 0.7.2 42.00 NOTE
r-oldrel-windows-ix86+x86_64 0.7.2 8.00 101.00 109.00 OK

Check Details

Version: 0.7.2
Check: dependencies in R code
Result: NOTE
    Namespace in Imports field not imported from: ‘testthat’
     All declared Imports should be used.
Flavors: r-devel-linux-x86_64-fedora-clang, r-devel-linux-x86_64-fedora-gcc, r-release-macos-arm64, r-release-macos-x86_64, r-oldrel-macos-arm64, r-oldrel-macos-x86_64