CRAN Package Check Results for Package vaersNDvax

Last updated on 2022-01-27 04:05:40 CET.

Flavor Version Tinstall Tcheck Ttotal Status Flags
r-devel-linux-x86_64-debian-clang 1.0.4 2.81 31.41 34.22 NOTE
r-devel-linux-x86_64-debian-gcc 1.0.4 1.74 25.18 26.92 NOTE
r-devel-linux-x86_64-fedora-clang 1.0.4 42.71 NOTE
r-devel-linux-x86_64-fedora-gcc 1.0.4 30.61 NOTE
r-devel-windows-x86_64-new-UL 1.0.4 24.00 62.00 86.00 NOTE
r-devel-windows-x86_64-new-TK 1.0.4 NOTE
r-patched-linux-x86_64 1.0.4 2.87 31.09 33.96 NOTE
r-release-linux-x86_64 1.0.4 2.31 30.17 32.48 NOTE
r-release-macos-arm64 1.0.4 NOTE
r-release-macos-x86_64 1.0.4 NOTE
r-release-windows-ix86+x86_64 1.0.4 5.00 38.00 43.00 NOTE
r-oldrel-macos-x86_64 1.0.4 NOTE
r-oldrel-windows-ix86+x86_64 1.0.4 6.00 43.00 49.00 NOTE

Check Details

Version: 1.0.4
Check: package dependencies
Result: NOTE
    Packages suggested but not available for checking: 'vaers', 'vaersND'
Flavors: r-devel-linux-x86_64-debian-clang, r-devel-linux-x86_64-debian-gcc, r-devel-linux-x86_64-fedora-clang, r-devel-linux-x86_64-fedora-gcc, r-devel-windows-x86_64-new-UL, r-devel-windows-x86_64-new-TK, r-patched-linux-x86_64, r-release-linux-x86_64, r-release-macos-arm64, r-release-macos-x86_64, r-release-windows-ix86+x86_64, r-oldrel-macos-x86_64, r-oldrel-windows-ix86+x86_64