Last updated on 2022-06-28 19:55:13 CEST.
Flavor | Version | Tinstall | Tcheck | Ttotal | Status | Flags |
---|---|---|---|---|---|---|
r-devel-linux-x86_64-debian-clang | 0.1.11 | 82.65 | 162.17 | 244.82 | OK | |
r-devel-linux-x86_64-debian-gcc | 0.1.11 | 84.59 | 136.55 | 221.14 | OK | |
r-devel-linux-x86_64-fedora-clang | 0.1.11 | 348.10 | NOTE | |||
r-devel-linux-x86_64-fedora-gcc | 0.1.11 | 334.09 | OK | |||
r-devel-windows-x86_64 | 0.1.11 | 85.00 | 229.00 | 314.00 | OK | |
r-patched-linux-x86_64 | 0.1.11 | 93.73 | 159.60 | 253.33 | OK | |
r-release-linux-x86_64 | 0.1.11 | 88.82 | 162.88 | 251.70 | OK | |
r-release-macos-arm64 | 0.1.11 | 100.00 | NOTE | |||
r-release-macos-x86_64 | 0.1.11 | 121.00 | NOTE | |||
r-release-windows-x86_64 | 0.1.11 | 88.00 | 231.00 | 319.00 | OK | |
r-oldrel-macos-arm64 | 0.1.11 | 482.00 | NOTE | |||
r-oldrel-macos-x86_64 | 0.1.11 | 118.00 | NOTE | |||
r-oldrel-windows-ix86+x86_64 | 0.1.11 | 212.00 | 310.00 | 522.00 | OK |
Version: 0.1.11
Check: installed package size
Result: NOTE
installed size is 10.5Mb
sub-directories of 1Mb or more:
libs 10.0Mb
Flavors: r-devel-linux-x86_64-fedora-clang, r-release-macos-arm64, r-release-macos-x86_64, r-oldrel-macos-arm64, r-oldrel-macos-x86_64