CRAN Package Check Results for Package urlchecker

Last updated on 2021-12-04 19:53:14 CET.

Flavor Version Tinstall Tcheck Ttotal Status Flags
r-devel-linux-x86_64-debian-clang 1.0.1 2.07 29.89 31.96 OK
r-devel-linux-x86_64-debian-gcc 1.0.1 1.61 23.26 24.87 OK
r-devel-linux-x86_64-fedora-clang 1.0.1 41.13 NOTE
r-devel-linux-x86_64-fedora-gcc 1.0.1 29.87 NOTE
r-devel-windows-x86_64-new-UL 1.0.1 6.00 52.00 58.00 OK
r-devel-windows-x86_64-new-TK 1.0.0 NOTE
r-devel-windows-x86_64-old 1.0.1 3.00 37.00 40.00 OK
r-patched-linux-x86_64 1.0.1 1.88 20.20 22.08 OK
r-release-linux-x86_64 1.0.1 1.99 20.34 22.33 OK
r-release-macos-arm64 1.0.0 NOTE
r-release-macos-x86_64 1.0.1 NOTE
r-release-windows-ix86+x86_64 1.0.1 5.00 29.00 34.00 OK
r-oldrel-macos-x86_64 1.0.1 NOTE
r-oldrel-windows-ix86+x86_64 1.0.0 5.00 41.00 46.00 OK

Check Details

Version: 1.0.1
Check: dependencies in R code
Result: NOTE
    Namespace in Imports field not imported from: ‘xml2’
     All declared Imports should be used.
Flavors: r-devel-linux-x86_64-fedora-clang, r-devel-linux-x86_64-fedora-gcc, r-release-macos-x86_64, r-oldrel-macos-x86_64

Version: 1.0.0
Check: dependencies in R code
Result: NOTE
    Namespace in Imports field not imported from: 'xml2'
     All declared Imports should be used.
Flavors: r-devel-windows-x86_64-new-TK, r-release-macos-arm64

Version: 1.0.0
Check: LazyData
Result: NOTE
     'LazyData' is specified without a 'data' directory
Flavors: r-devel-windows-x86_64-new-TK, r-release-macos-arm64