CRAN Package Check Results for Package urca

Last updated on 2021-01-20 23:49:56 CET.

Flavor Version Tinstall Tcheck Ttotal Status Flags
r-devel-linux-x86_64-debian-clang 1.3-0 8.21 62.50 70.71 OK
r-devel-linux-x86_64-debian-gcc 1.3-0 8.65 48.29 56.94 OK
r-devel-linux-x86_64-fedora-clang 1.3-0 98.52 NOTE
r-devel-linux-x86_64-fedora-gcc 1.3-0 82.37 NOTE
r-devel-windows-ix86+x86_64 1.3-0 17.00 84.00 101.00 OK
r-patched-linux-x86_64 1.3-0 9.54 59.30 68.84 OK
r-patched-solaris-x86 1.3-0 112.50 OK
r-release-linux-x86_64 1.3-0 9.28 59.21 68.49 OK
r-release-macos-x86_64 1.3-0 OK
r-release-windows-ix86+x86_64 1.3-0 21.00 91.00 112.00 OK
r-oldrel-macos-x86_64 1.3-0 OK
r-oldrel-windows-ix86+x86_64 1.3-0 13.00 66.00 79.00 OK

Check Details

Version: 1.3-0
Check: compiled code
Result: NOTE
    File ‘urca/libs/urca.so’:
     Found no calls to: ‘R_registerRoutines’, ‘R_useDynamicSymbols’
    
    It is good practice to register native routines and to disable symbol
    search.
    
    See ‘Writing portable packages’ in the ‘Writing R Extensions’ manual.
Flavors: r-devel-linux-x86_64-fedora-clang, r-devel-linux-x86_64-fedora-gcc