CRAN Package Check Results for Package unvotes

Last updated on 2021-02-28 11:52:08 CET.

Flavor Version Tinstall Tcheck Ttotal Status Flags
r-devel-linux-x86_64-debian-clang 0.2.0 4.97 38.25 43.22 OK
r-devel-linux-x86_64-debian-gcc 0.2.0 4.44 30.48 34.92 OK
r-devel-linux-x86_64-fedora-clang 0.2.0 64.92 NOTE
r-devel-linux-x86_64-fedora-gcc 0.2.0 54.38 NOTE
r-devel-windows-ix86+x86_64 0.2.0 10.00 46.00 56.00 OK
r-patched-linux-x86_64 0.2.0 4.73 38.13 42.86 OK
r-patched-solaris-x86 0.2.0 84.60 NOTE
r-release-linux-x86_64 0.2.0 5.73 37.22 42.95 OK
r-release-macos-x86_64 0.2.0 NOTE
r-release-windows-ix86+x86_64 0.2.0 31.00 62.00 93.00 OK
r-oldrel-macos-x86_64 0.2.0 NOTE
r-oldrel-windows-ix86+x86_64 0.2.0 8.00 59.00 67.00 OK

Check Details

Version: 0.2.0
Check: data for non-ASCII characters
Result: NOTE
     Note: found 4494 marked UTF-8 strings
Flavors: r-devel-linux-x86_64-fedora-clang, r-devel-linux-x86_64-fedora-gcc, r-patched-solaris-x86, r-release-macos-x86_64, r-oldrel-macos-x86_64