CRAN Package Check Results for Package unrepx

Last updated on 2021-06-20 07:50:28 CEST.

Flavor Version Tinstall Tcheck Ttotal Status Flags
r-devel-linux-x86_64-debian-clang 1.0 2.41 29.17 31.58 NOTE
r-devel-linux-x86_64-debian-gcc 1.0 2.01 22.64 24.65 NOTE
r-devel-linux-x86_64-fedora-clang 1.0 47.57 NOTE
r-devel-linux-x86_64-fedora-gcc 1.0 38.79 NOTE
r-devel-windows-x86_64 1.0 4.00 37.00 41.00 NOTE
r-devel-windows-x86_64-gcc10-UCRT 1.0 NOTE
r-patched-linux-x86_64 1.0 2.98 28.51 31.49 NOTE
r-patched-solaris-x86 1.0 57.90 NOTE
r-release-linux-x86_64 1.0 2.39 29.02 31.41 NOTE
r-release-macos-arm64 1.0 NOTE
r-release-macos-x86_64 1.0 NOTE
r-release-windows-ix86+x86_64 1.0 6.00 44.00 50.00 NOTE
r-oldrel-macos-x86_64 1.0 OK
r-oldrel-windows-ix86+x86_64 1.0 4.00 44.00 48.00 OK

Check Details

Version: 1.0
Check: LazyData
Result: NOTE
     'LazyData' is specified without a 'data' directory
Flavors: r-devel-linux-x86_64-debian-clang, r-devel-linux-x86_64-debian-gcc, r-devel-linux-x86_64-fedora-clang, r-devel-linux-x86_64-fedora-gcc, r-devel-windows-x86_64, r-devel-windows-x86_64-gcc10-UCRT, r-patched-linux-x86_64, r-patched-solaris-x86, r-release-linux-x86_64, r-release-macos-arm64, r-release-macos-x86_64, r-release-windows-ix86+x86_64