Last updated on 2022-05-20 15:52:21 CEST.
Flavor | Version | Tinstall | Tcheck | Ttotal | Status | Flags |
---|---|---|---|---|---|---|
r-devel-linux-x86_64-debian-clang | 1.2.5 | 498.49 | 272.81 | 771.30 | NOTE | |
r-devel-linux-x86_64-debian-gcc | 1.2.5 | 402.08 | 196.45 | 598.53 | NOTE | |
r-devel-linux-x86_64-fedora-clang | 1.2.5 | 1070.80 | NOTE | |||
r-devel-linux-x86_64-fedora-gcc | 1.2.5 | 831.70 | NOTE | |||
r-devel-windows-x86_64 | 1.2.5 | 479.00 | 393.00 | 872.00 | NOTE | |
r-patched-linux-x86_64 | 1.2.5 | 433.57 | 253.11 | 686.68 | NOTE | |
r-release-linux-x86_64 | 1.2.5 | 407.01 | 255.26 | 662.27 | NOTE | |
r-release-macos-arm64 | 1.2.5 | 233.00 | NOTE | |||
r-release-macos-x86_64 | 1.2.5 | 330.00 | NOTE | |||
r-release-windows-x86_64 | 1.2.5 | 468.00 | 387.00 | 855.00 | NOTE | |
r-oldrel-macos-arm64 | 1.2.5 | 154.00 | NOTE | |||
r-oldrel-macos-x86_64 | 1.2.5 | 340.00 | NOTE | |||
r-oldrel-windows-ix86+x86_64 | 1.2.5 | 688.00 | 315.00 | 1003.00 | NOTE |
Version: 1.2.5
Check: for GNU extensions in Makefiles
Result: NOTE
GNU make is a SystemRequirements.
Flavors: r-devel-linux-x86_64-debian-clang, r-devel-linux-x86_64-debian-gcc, r-devel-linux-x86_64-fedora-clang, r-devel-linux-x86_64-fedora-gcc, r-devel-windows-x86_64, r-patched-linux-x86_64, r-release-linux-x86_64, r-release-macos-arm64, r-release-macos-x86_64, r-release-windows-x86_64, r-oldrel-macos-arm64, r-oldrel-macos-x86_64, r-oldrel-windows-ix86+x86_64
Version: 1.2.5
Check: installed package size
Result: NOTE
installed size is 27.5Mb
sub-directories of 1Mb or more:
R 1.3Mb
libs 24.5Mb
Flavors: r-devel-linux-x86_64-fedora-clang, r-devel-windows-x86_64, r-release-macos-arm64, r-release-macos-x86_64, r-release-windows-x86_64, r-oldrel-macos-arm64, r-oldrel-macos-x86_64, r-oldrel-windows-ix86+x86_64