Last updated on 2021-02-26 11:51:09 CET.
Flavor | Version | Tinstall | Tcheck | Ttotal | Status | Flags |
---|---|---|---|---|---|---|
r-devel-linux-x86_64-debian-clang | 1.1.0 | 4.76 | 111.11 | 115.87 | OK | |
r-devel-linux-x86_64-debian-gcc | 1.1.0 | 4.08 | 76.30 | 80.38 | OK | |
r-devel-linux-x86_64-fedora-clang | 1.1.0 | 150.92 | NOTE | |||
r-devel-linux-x86_64-fedora-gcc | 1.1.0 | 136.78 | NOTE | |||
r-devel-windows-ix86+x86_64 | 1.1.0 | 7.00 | 121.00 | 128.00 | OK | |
r-patched-linux-x86_64 | 1.1.0 | 4.88 | 106.69 | 111.57 | OK | |
r-patched-solaris-x86 | 1.1.0 | 199.40 | NOTE | |||
r-release-linux-x86_64 | 1.1.0 | 4.67 | 106.57 | 111.24 | OK | |
r-release-macos-x86_64 | 1.1.0 | NOTE | ||||
r-release-windows-ix86+x86_64 | 1.1.0 | 10.00 | 152.00 | 162.00 | OK | |
r-oldrel-macos-x86_64 | 1.1.0 | NOTE | ||||
r-oldrel-windows-ix86+x86_64 | 1.1.0 | 6.00 | 149.00 | 155.00 | OK |
Version: 1.1.0
Check: dependencies in R code
Result: NOTE
Namespaces in Imports field not imported from:
‘extraDistr’ ‘logitnorm’ ‘nakagami’ ‘tibble’
All declared Imports should be used.
Flavors: r-devel-linux-x86_64-fedora-clang, r-devel-linux-x86_64-fedora-gcc, r-patched-solaris-x86, r-release-macos-x86_64, r-oldrel-macos-x86_64