CRAN Package Check Results for Package unitedR

Last updated on 2022-05-24 11:50:20 CEST.

Flavor Version Tinstall Tcheck Ttotal Status Flags
r-devel-linux-x86_64-debian-clang 0.4 6.85 51.66 58.51 NOTE
r-devel-linux-x86_64-debian-gcc 0.4 4.74 39.10 43.84 NOTE
r-devel-linux-x86_64-fedora-clang 0.4 68.52 NOTE
r-devel-linux-x86_64-fedora-gcc 0.4 58.10 NOTE
r-devel-windows-x86_64 0.4 22.00 74.00 96.00 NOTE
r-patched-linux-x86_64 0.4 4.24 49.18 53.42 NOTE
r-release-linux-x86_64 0.4 NOTE
r-release-macos-arm64 0.4 23.00 NOTE
r-release-macos-x86_64 0.4 33.00 NOTE
r-release-windows-x86_64 0.4 18.00 77.00 95.00 NOTE
r-oldrel-macos-arm64 0.4 29.00 NOTE
r-oldrel-macos-x86_64 0.4 46.00 NOTE
r-oldrel-windows-ix86+x86_64 0.4 14.00 65.00 79.00 NOTE

Check Details

Version: 0.4
Check: LazyData
Result: NOTE
     'LazyData' is specified without a 'data' directory
Flavors: r-devel-linux-x86_64-debian-clang, r-devel-linux-x86_64-debian-gcc, r-devel-linux-x86_64-fedora-clang, r-devel-linux-x86_64-fedora-gcc, r-devel-windows-x86_64, r-patched-linux-x86_64, r-release-linux-x86_64, r-release-macos-arm64, r-release-macos-x86_64, r-release-windows-x86_64, r-oldrel-macos-arm64, r-oldrel-macos-x86_64, r-oldrel-windows-ix86+x86_64