CRAN Package Check Results for Package ungroup

Last updated on 2021-06-14 11:53:09 CEST.

Flavor Version Tinstall Tcheck Ttotal Status Flags
r-devel-linux-x86_64-debian-clang 1.3.0 57.49 136.44 193.93 OK
r-devel-linux-x86_64-debian-gcc 1.3.0 39.62 107.87 147.49 OK
r-devel-linux-x86_64-fedora-clang 1.3.0 247.38 NOTE
r-devel-linux-x86_64-fedora-gcc 1.3.0 234.16 OK
r-devel-windows-x86_64 1.3.0 63.00 179.00 242.00 OK
r-devel-windows-x86_64-gcc10-UCRT 1.3.0 OK
r-patched-linux-x86_64 1.3.0 55.46 134.93 190.39 OK
r-patched-solaris-x86 1.3.0 333.00 OK
r-release-linux-x86_64 1.3.0 45.57 133.08 178.65 OK
r-release-macos-arm64 1.3.0 NOTE
r-release-macos-x86_64 1.3.0 NOTE
r-release-windows-ix86+x86_64 1.3.0 118.00 264.00 382.00 OK
r-oldrel-macos-x86_64 1.3.0 NOTE
r-oldrel-windows-ix86+x86_64 1.3.0 122.00 250.00 372.00 OK

Check Details

Version: 1.3.0
Check: installed package size
Result: NOTE
     installed size is 15.1Mb
     sub-directories of 1Mb or more:
     libs 14.5Mb
Flavors: r-devel-linux-x86_64-fedora-clang, r-release-macos-arm64, r-release-macos-x86_64, r-oldrel-macos-x86_64