CRAN Package Check Results for Package ukgasapi

Last updated on 2021-12-04 19:53:14 CET.

Flavor Version Tinstall Tcheck Ttotal Status Flags
r-devel-linux-x86_64-debian-clang 0.21 2.11 30.66 32.77 NOTE
r-devel-linux-x86_64-debian-gcc 0.21 1.55 24.02 25.57 NOTE
r-devel-linux-x86_64-fedora-clang 0.21 42.73 NOTE
r-devel-linux-x86_64-fedora-gcc 0.21 29.77 NOTE
r-devel-windows-x86_64-new-UL 0.21 6.00 59.00 65.00 NOTE
r-devel-windows-x86_64-new-TK 0.21 NOTE
r-devel-windows-x86_64-old 0.21 4.00 30.00 34.00 NOTE
r-patched-linux-x86_64 0.21 2.14 21.12 23.26 NOTE
r-release-linux-x86_64 0.21 2.03 20.90 22.93 NOTE
r-release-macos-arm64 0.21 NOTE
r-release-macos-x86_64 0.21 NOTE
r-release-windows-ix86+x86_64 0.21 6.00 39.00 45.00 NOTE
r-oldrel-macos-x86_64 0.21 OK
r-oldrel-windows-ix86+x86_64 0.21 6.00 50.00 56.00 OK

Check Details

Version: 0.21
Check: LazyData
Result: NOTE
     'LazyData' is specified without a 'data' directory
Flavors: r-devel-linux-x86_64-debian-clang, r-devel-linux-x86_64-debian-gcc, r-devel-linux-x86_64-fedora-clang, r-devel-linux-x86_64-fedora-gcc, r-devel-windows-x86_64-new-UL, r-devel-windows-x86_64-new-TK, r-devel-windows-x86_64-old, r-patched-linux-x86_64, r-release-linux-x86_64, r-release-macos-arm64, r-release-macos-x86_64, r-release-windows-ix86+x86_64