CRAN Package Check Results for Package ucbthesis

Last updated on 2021-06-12 23:49:24 CEST.

Flavor Version Tinstall Tcheck Ttotal Status Flags
r-devel-linux-x86_64-debian-clang 1.0 2.03 23.85 25.88 NOTE
r-devel-linux-x86_64-debian-gcc 1.0 1.81 19.10 20.91 NOTE
r-devel-linux-x86_64-fedora-clang 1.0 40.83 NOTE
r-devel-linux-x86_64-fedora-gcc 1.0 31.10 NOTE
r-devel-windows-x86_64 1.0 4.00 39.00 43.00 NOTE
r-devel-windows-x86_64-gcc10-UCRT 1.0 NOTE
r-patched-linux-x86_64 1.0 2.29 23.50 25.79 NOTE
r-patched-solaris-x86 1.0 53.30 NOTE
r-release-linux-x86_64 1.0 2.33 23.40 25.73 NOTE
r-release-macos-arm64 1.0 NOTE
r-release-macos-x86_64 1.0 NOTE
r-release-windows-ix86+x86_64 1.0 5.00 40.00 45.00 NOTE
r-oldrel-macos-x86_64 1.0 NOTE
r-oldrel-windows-ix86+x86_64 1.0 4.00 40.00 44.00 NOTE

Check Details

Version: 1.0
Check: R code for possible problems
Result: NOTE
    rmd2pdf: no visible global function definition for 'tail'
    rnw2pdf: no visible global function definition for 'tail'
    Undefined global functions or variables:
     tail
    Consider adding
     importFrom("utils", "tail")
    to your NAMESPACE file.
Flavors: r-devel-linux-x86_64-debian-clang, r-devel-linux-x86_64-debian-gcc, r-devel-linux-x86_64-fedora-clang, r-devel-linux-x86_64-fedora-gcc, r-devel-windows-x86_64, r-devel-windows-x86_64-gcc10-UCRT, r-patched-linux-x86_64, r-patched-solaris-x86, r-release-linux-x86_64, r-release-macos-arm64, r-release-macos-x86_64, r-release-windows-ix86+x86_64, r-oldrel-macos-x86_64, r-oldrel-windows-ix86+x86_64

Version: 1.0
Check: LazyData
Result: NOTE
     'LazyData' is specified without a 'data' directory
Flavors: r-devel-linux-x86_64-debian-clang, r-devel-linux-x86_64-debian-gcc, r-devel-linux-x86_64-fedora-clang, r-devel-linux-x86_64-fedora-gcc, r-devel-windows-x86_64, r-devel-windows-x86_64-gcc10-UCRT, r-patched-linux-x86_64, r-patched-solaris-x86, r-release-linux-x86_64, r-release-macos-arm64, r-release-macos-x86_64, r-release-windows-ix86+x86_64