CRAN Package Check Results for Package uHMM

Last updated on 2021-05-07 11:49:48 CEST.

Flavor Version Tinstall Tcheck Ttotal Status Flags
r-devel-linux-x86_64-debian-clang 1.0 13.67 81.11 94.78 OK
r-devel-linux-x86_64-debian-gcc 1.0 10.92 60.57 71.49 OK
r-devel-linux-x86_64-fedora-clang 1.0 124.48 OK
r-devel-linux-x86_64-fedora-gcc 1.0 111.16 OK
r-devel-windows-ix86+x86_64 1.0 26.00 6.00 32.00 ERROR
r-devel-windows-x86_64-gcc10-UCRT 1.0 OK
r-patched-linux-x86_64 1.0 12.74 78.01 90.75 OK
r-patched-solaris-x86 1.0 168.00 OK
r-release-linux-x86_64 1.0 12.90 74.13 87.03 OK
r-release-macos-x86_64 1.0 OK
r-release-windows-ix86+x86_64 1.0 20.00 69.00 89.00 OK
r-oldrel-macos-x86_64 1.0 FAIL
r-oldrel-windows-ix86+x86_64 1.0 20.00 69.00 89.00 OK

Check Details

Version: 1.0
Check: whether package can be installed
Result: ERROR
    Installation failed.
Flavor: r-devel-windows-ix86+x86_64

Version: 1.0
Check: whether package can be installed
Result: FAIL
Flavor: r-oldrel-macos-x86_64