CRAN Package Check Results for Package twosamples

Last updated on 2021-06-20 03:48:43 CEST.

Flavor Version Tinstall Tcheck Ttotal Status Flags
r-devel-linux-x86_64-debian-clang 1.1.1 20.48 29.11 49.59 NOTE
r-devel-linux-x86_64-debian-gcc 1.1.1 13.24 22.92 36.16 NOTE
r-devel-linux-x86_64-fedora-clang 1.1.1 73.83 NOTE
r-devel-linux-x86_64-fedora-gcc 1.1.1 59.55 NOTE
r-devel-windows-x86_64 1.1.1 28.00 51.00 79.00 NOTE
r-devel-windows-x86_64-gcc10-UCRT 1.1.1 NOTE
r-patched-linux-x86_64 1.1.1 15.50 28.17 43.67 NOTE
r-patched-solaris-x86 1.1.1 77.00 NOTE
r-release-linux-x86_64 1.1.1 15.14 28.04 43.18 NOTE
r-release-macos-arm64 1.1.1 NOTE
r-release-macos-x86_64 1.1.1 NOTE
r-release-windows-ix86+x86_64 1.1.1 50.00 56.00 106.00 NOTE
r-oldrel-macos-x86_64 1.1.1 OK
r-oldrel-windows-ix86+x86_64 1.1.1 39.00 71.00 110.00 OK

Check Details

Version: 1.1.1
Check: LazyData
Result: NOTE
     'LazyData' is specified without a 'data' directory
Flavors: r-devel-linux-x86_64-debian-clang, r-devel-linux-x86_64-debian-gcc, r-devel-linux-x86_64-fedora-clang, r-devel-linux-x86_64-fedora-gcc, r-devel-windows-x86_64, r-devel-windows-x86_64-gcc10-UCRT, r-patched-linux-x86_64, r-patched-solaris-x86, r-release-linux-x86_64, r-release-macos-arm64, r-release-macos-x86_64, r-release-windows-ix86+x86_64