CRAN Package Check Results for Package twangRDC

Last updated on 2021-12-04 19:53:14 CET.

Flavor Version Tinstall Tcheck Ttotal Status Flags
r-devel-linux-x86_64-debian-clang 1.0 8.39 693.82 702.21 OK
r-devel-linux-x86_64-debian-gcc 1.0 7.80 868.66 876.46 OK
r-devel-linux-x86_64-fedora-clang 1.0 823.29 NOTE
r-devel-linux-x86_64-fedora-gcc 1.0 905.11 OK
r-devel-windows-x86_64-new-UL 1.0 19.00 587.00 606.00 OK
r-devel-windows-x86_64-new-TK 1.0 OK
r-devel-windows-x86_64-old 1.0 16.00 355.00 371.00 OK
r-patched-linux-x86_64 1.0 13.97 757.98 771.95 OK
r-release-linux-x86_64 1.0 8.93 754.08 763.01 OK
r-release-macos-arm64 1.0 OK
r-release-macos-x86_64 1.0 OK
r-release-windows-ix86+x86_64 1.0 24.00 435.00 459.00 OK
r-oldrel-macos-x86_64 1.0 OK
r-oldrel-windows-ix86+x86_64 1.0 24.00 477.00 501.00 OK

Check Details

Version: 1.0
Check: Rd cross-references
Result: NOTE
    Undeclared package ‘twang’ in Rd xrefs
Flavor: r-devel-linux-x86_64-fedora-clang