CRAN Package Check Results for Package twang

Last updated on 2021-06-21 11:52:26 CEST.

Flavor Version Tinstall Tcheck Ttotal Status Flags
r-devel-linux-x86_64-debian-clang 2.3 21.08 136.65 157.73 OK --no-vignettes
r-devel-linux-x86_64-debian-gcc 2.3 15.84 101.54 117.38 OK --no-vignettes
r-devel-linux-x86_64-fedora-clang 2.3 435.45 OK
r-devel-linux-x86_64-fedora-gcc 2.3 425.49 OK
r-devel-windows-x86_64 2.3 29.00 144.00 173.00 OK --no-vignettes
r-devel-windows-x86_64-gcc10-UCRT 2.3 WARN
r-patched-linux-x86_64 2.3 24.10 129.83 153.93 OK --no-vignettes
r-patched-solaris-x86 2.3 539.00 OK
r-release-linux-x86_64 2.3 19.60 128.11 147.71 OK --no-vignettes
r-release-macos-arm64 2.3 OK
r-release-macos-x86_64 2.3 OK
r-release-windows-ix86+x86_64 2.3 41.00 122.00 163.00 OK --no-vignettes
r-oldrel-macos-x86_64 2.3 OK

Check Details

Version: 2.3
Check: package dependencies
Result: NOTE
    Package suggested but not available for checking: 'OVtool'
Flavor: r-devel-windows-x86_64-gcc10-UCRT

Version: 2.3
Check: running R code from vignettes
Result: WARN
    Errors in running code in vignettes:
    when running code in 'twang.rnw'
     ...
    
    
    > glm5 <- lm(sqrt(re78) ~ treat + age + educ + black +
    + hispan + nodegree + married + sqrt(re74) + sqrt(re75), data = lalonde)
    
    > library(OVtool)
    
     When sourcing 'twang.R':
    Error: there is no package called 'OVtool'
    Execution halted
    
     'iptw.rnw' using 'UTF-8'... OK
     'mnps.rnw' using 'UTF-8'... OK
     'twang.rnw' using 'UTF-8'... failed
Flavor: r-devel-windows-x86_64-gcc10-UCRT

Version: 2.3
Check: re-building of vignette outputs
Result: NOTE
    Error(s) in re-building vignettes:
    --- re-building 'iptw.rnw' using Sweave
    To reproduce results from prior versions of the twang package, please see the version="legacy" option described in the documentation.
    Loading required package: grid
    Loading required package: Matrix
    Loading required package: survival
    
    Attaching package: 'survey'
    
    The following object is masked from 'package:graphics':
    
     dotchart
    
    --- finished re-building 'iptw.rnw'
    
    --- re-building 'mnps.rnw' using Sweave
    To reproduce results from prior versions of the twang package, please see the version="legacy" option described in the documentation.
    Loading required package: grid
    Loading required package: Matrix
    Loading required package: survival
    
    Attaching package: 'survey'
    
    The following object is masked from 'package:graphics':
    
     dotchart
    
    --- finished re-building 'mnps.rnw'
    
    --- re-building 'twang.rnw' using Sweave
    To reproduce results from prior versions of the twang package, please see the version="legacy" option described in the documentation.
    Loading required package: grid
    Loading required package: Matrix
    Loading required package: survival
    
    Attaching package: 'survey'
    
    The following object is masked from 'package:graphics':
    
     dotchart
    
    
    Error: processing vignette 'twang.rnw' failed with diagnostics:
     chunk 24
    Error in library(OVtool) : there is no package called 'OVtool'
    
    --- failed re-building 'twang.rnw'
    
    SUMMARY: processing the following file failed:
     'twang.rnw'
    
    Error: Vignette re-building failed.
    Execution halted
Flavor: r-devel-windows-x86_64-gcc10-UCRT