CRAN Package Check Results for Package tvmediation

Last updated on 2021-12-04 15:51:33 CET.

Flavor Version Tinstall Tcheck Ttotal Status Flags
r-devel-linux-x86_64-debian-clang 1.0.0 7.36 67.99 75.35 OK
r-devel-linux-x86_64-debian-gcc 1.0.0 5.19 51.90 57.09 OK
r-devel-linux-x86_64-fedora-clang 1.0.0 95.70 OK
r-devel-linux-x86_64-fedora-gcc 1.0.0 79.46 OK
r-devel-windows-x86_64-new-UL 1.0.0 17.00 107.00 124.00 OK
r-devel-windows-x86_64-new-TK 1.0.0 OK
r-devel-windows-x86_64-old 1.0.0 12.00 64.00 76.00 OK
r-patched-linux-x86_64 1.0.0 7.29 57.21 64.50 OK
r-release-linux-x86_64 1.0.0 6.70 56.92 63.62 OK
r-release-macos-arm64 1.0.0 OK
r-release-macos-x86_64 1.0.0 OK
r-release-windows-ix86+x86_64 1.0.0 16.00 82.00 98.00 OK
r-oldrel-macos-x86_64 1.0.0 ERROR
r-oldrel-windows-ix86+x86_64 1.0.0 17.00 85.00 102.00 OK

Check Details

Version: 1.0.0
Check: package dependencies
Result: ERROR
    Package required and available but unsuitable version: ‘stats’
    
    See section ‘The DESCRIPTION file’ in the ‘Writing R Extensions’
    manual.
Flavor: r-oldrel-macos-x86_64