CRAN Package Check Results for Package tumblR

Last updated on 2022-05-24 11:50:19 CEST.

Flavor Version Tinstall Tcheck Ttotal Status Flags
r-devel-linux-x86_64-debian-clang 1.2 3.46 48.24 51.70 NOTE
r-devel-linux-x86_64-debian-gcc 1.2 3.34 37.03 40.37 NOTE
r-devel-linux-x86_64-fedora-clang 1.2 60.71 NOTE
r-devel-linux-x86_64-fedora-gcc 1.2 49.72 NOTE
r-devel-windows-x86_64 1.2 15.00 63.00 78.00 NOTE
r-patched-linux-x86_64 1.2 3.82 44.59 48.41 OK
r-release-linux-x86_64 1.2 OK
r-release-macos-arm64 1.2 18.00 OK
r-release-macos-x86_64 1.2 29.00 OK
r-release-windows-x86_64 1.2 16.00 64.00 80.00 OK
r-oldrel-macos-arm64 1.2 23.00 OK
r-oldrel-macos-x86_64 1.2 37.00 OK
r-oldrel-windows-ix86+x86_64 1.2 10.00 56.00 66.00 OK

Check Details

Version: 1.2
Check: Rd files
Result: NOTE
    checkRd: (7) post.Rd:21: \item in \arguments must have non-empty label
    checkRd: (7) post.edit.Rd:22: \item in \arguments must have non-empty label
    checkRd: (7) post.reblog.Rd:21: \item in \arguments must have non-empty label
Flavors: r-devel-linux-x86_64-debian-clang, r-devel-linux-x86_64-debian-gcc, r-devel-linux-x86_64-fedora-clang, r-devel-linux-x86_64-fedora-gcc, r-devel-windows-x86_64

Version: 1.2
Check: HTML version of manual
Result: NOTE
    Found the following problems:
    post.Rd:44:38: Warning: trimming empty <code>
    post.edit.Rd:45:38: Warning: trimming empty <code>
    post.reblog.Rd:44:38: Warning: trimming empty <code>
Flavors: r-devel-linux-x86_64-debian-clang, r-devel-linux-x86_64-debian-gcc