CRAN Package Check Results for Package tukeyGH

Last updated on 2021-06-15 23:51:35 CEST.

Flavor Version Tinstall Tcheck Ttotal Status Flags
r-devel-linux-x86_64-debian-clang 1.0.0 2.69 58.17 60.86 OK
r-devel-linux-x86_64-debian-gcc 1.0.0 2.25 42.99 45.24 OK
r-devel-linux-x86_64-fedora-clang 1.0.0 80.02 NOTE
r-devel-linux-x86_64-fedora-gcc 1.0.0 70.86 NOTE
r-devel-windows-x86_64 1.0.0 5.00 76.00 81.00 OK
r-devel-windows-x86_64-gcc10-UCRT 1.0.0 NOTE
r-patched-linux-x86_64 1.0.0 3.36 56.26 59.62 OK
r-patched-solaris-x86 1.0.0 96.10 NOTE
r-release-linux-x86_64 1.0.0 3.28 56.25 59.53 OK
r-release-macos-arm64 1.0.0 NOTE
r-release-macos-x86_64 1.0.0 NOTE
r-release-windows-ix86+x86_64 1.0.0 6.00 80.00 86.00 OK
r-oldrel-macos-x86_64 1.0.0 NOTE
r-oldrel-windows-ix86+x86_64 1.0.0 6.00 80.00 86.00 OK

Check Details

Version: 1.0.0
Check: dependencies in R code
Result: NOTE
    Namespace in Imports field not imported from: ‘Rdpack’
     All declared Imports should be used.
Flavors: r-devel-linux-x86_64-fedora-clang, r-devel-linux-x86_64-fedora-gcc, r-devel-windows-x86_64-gcc10-UCRT, r-patched-solaris-x86, r-release-macos-arm64, r-release-macos-x86_64, r-oldrel-macos-x86_64