CRAN Package Check Results for Package ttutils

Last updated on 2021-07-25 23:55:34 CEST.

Flavor Version Tinstall Tcheck Ttotal Status Flags
r-devel-linux-x86_64-debian-clang 1.0-1 2.02 21.42 23.44 NOTE
r-devel-linux-x86_64-debian-gcc 1.0-1 1.53 16.73 18.26 NOTE
r-devel-linux-x86_64-fedora-clang 1.0-1 38.80 NOTE
r-devel-windows-x86_64 1.0-1 10.00 32.00 42.00 NOTE
r-devel-windows-x86_64-gcc10-UCRT 1.0-1 NOTE
r-patched-linux-x86_64 1.0-1 1.90 20.45 22.35 NOTE
r-patched-solaris-x86 1.0-1 42.10 NOTE
r-release-linux-x86_64 1.0-1 1.88 20.57 22.45 NOTE
r-release-macos-arm64 1.0-1 NOTE
r-release-macos-x86_64 1.0-1 NOTE
r-release-windows-ix86+x86_64 1.0-1 6.00 27.00 33.00 NOTE
r-oldrel-macos-x86_64 1.0-1 NOTE
r-oldrel-windows-ix86+x86_64 1.0-1 4.00 24.00 28.00 NOTE

Check Details

Version: 1.0-1
Check: R code for possible problems
Result: NOTE
    .saveDevice: no visible global function definition for 'dev.off'
    Undefined global functions or variables:
     dev.off
    Consider adding
     importFrom("grDevices", "dev.off")
    to your NAMESPACE file.
Flavors: r-devel-linux-x86_64-debian-clang, r-devel-linux-x86_64-debian-gcc, r-devel-linux-x86_64-fedora-clang, r-devel-windows-x86_64, r-devel-windows-x86_64-gcc10-UCRT, r-patched-linux-x86_64, r-patched-solaris-x86, r-release-linux-x86_64, r-release-macos-arm64, r-release-macos-x86_64, r-release-windows-ix86+x86_64, r-oldrel-macos-x86_64, r-oldrel-windows-ix86+x86_64