CRAN Package Check Results for Package tseriesChaos

Last updated on 2021-01-26 15:50:00 CET.

Flavor Version Tinstall Tcheck Ttotal Status Flags
r-devel-linux-x86_64-debian-clang 0.1-13.1 4.17 27.70 31.87 OK
r-devel-linux-x86_64-debian-gcc 0.1-13.1 3.09 22.21 25.30 OK
r-devel-linux-x86_64-fedora-clang 0.1-13.1 48.26 NOTE
r-devel-linux-x86_64-fedora-gcc 0.1-13.1 38.20 NOTE
r-devel-windows-ix86+x86_64 0.1-13.1 14.00 42.00 56.00 OK
r-patched-linux-x86_64 0.1-13.1 3.53 26.86 30.39 OK
r-patched-solaris-x86 0.1-13.1 58.10 OK
r-release-linux-x86_64 0.1-13.1 3.84 27.27 31.11 OK
r-release-macos-x86_64 0.1-13.1 OK
r-release-windows-ix86+x86_64 0.1-13.1 15.00 42.00 57.00 OK
r-oldrel-macos-x86_64 0.1-13.1 OK
r-oldrel-windows-ix86+x86_64 0.1-13.1 12.00 51.00 63.00 OK

Check Details

Version: 0.1-13.1
Check: compiled code
Result: NOTE
    File ‘tseriesChaos/libs/tseriesChaos.so’:
     Found no calls to: ‘R_registerRoutines’, ‘R_useDynamicSymbols’
    
    It is good practice to register native routines and to disable symbol
    search.
    
    See ‘Writing portable packages’ in the ‘Writing R Extensions’ manual.
Flavors: r-devel-linux-x86_64-fedora-clang, r-devel-linux-x86_64-fedora-gcc