Last updated on 2021-01-23 11:48:28 CET.
Flavor | Version | Tinstall | Tcheck | Ttotal | Status | Flags |
---|---|---|---|---|---|---|
r-devel-linux-x86_64-debian-clang | 10-1.2 | 23.51 | 192.39 | 215.90 | OK | |
r-devel-linux-x86_64-debian-gcc | 10-1.2 | 21.12 | 145.94 | 167.06 | OK | |
r-devel-linux-x86_64-fedora-clang | 10-1.2 | 279.45 | NOTE | |||
r-devel-linux-x86_64-fedora-gcc | 10-1.2 | 251.13 | OK | |||
r-devel-windows-ix86+x86_64 | 10-1.2 | 54.00 | 226.00 | 280.00 | OK | |
r-patched-linux-x86_64 | 10-1.2 | 21.17 | 175.49 | 196.66 | OK | |
r-patched-solaris-x86 | 10-1.2 | 351.90 | OK | |||
r-release-linux-x86_64 | 10-1.2 | 21.62 | 177.39 | 199.01 | OK | |
r-release-macos-x86_64 | 10-1.2 | OK | ||||
r-release-windows-ix86+x86_64 | 10-1.2 | 53.00 | 306.00 | 359.00 | OK | |
r-oldrel-macos-x86_64 | 10-1.2 | NOTE | ||||
r-oldrel-windows-ix86+x86_64 | 10-1.2 | 36.00 | 288.00 | 324.00 | OK |
Version: 10-1.2
Check: Rd cross-references
Result: NOTE
Undeclared package ‘rugarch’ in Rd xrefs
Flavor: r-devel-linux-x86_64-fedora-clang
Version: 10-1.2
Check: dependencies in R code
Result: NOTE
No protocol specified
No protocol specified
No protocol specified
Flavor: r-oldrel-macos-x86_64