CRAN Package Check Results for Package truthiness

Last updated on 2021-06-14 11:53:09 CEST.

Flavor Version Tinstall Tcheck Ttotal Status Flags
r-devel-linux-x86_64-debian-clang 1.2.5 5.76 78.72 84.48 OK
r-devel-linux-x86_64-debian-gcc 1.2.5 4.01 59.28 63.29 OK
r-devel-linux-x86_64-fedora-clang 1.2.5 107.66 NOTE
r-devel-linux-x86_64-fedora-gcc 1.2.5 97.01 NOTE
r-devel-windows-x86_64 1.2.5 10.00 99.00 109.00 OK
r-devel-windows-x86_64-gcc10-UCRT 1.2.5 NOTE
r-patched-linux-x86_64 1.2.5 6.18 74.61 80.79 OK
r-patched-solaris-x86 1.2.5 135.50 NOTE
r-release-linux-x86_64 1.2.5 4.79 74.73 79.52 OK
r-release-macos-arm64 1.2.5 NOTE
r-release-macos-x86_64 1.2.5 NOTE
r-release-windows-ix86+x86_64 1.2.5 12.00 105.00 117.00 OK
r-oldrel-macos-x86_64 1.2.5 NOTE
r-oldrel-windows-ix86+x86_64 1.2.5 12.00 105.00 117.00 OK

Check Details

Version: 1.2.5
Check: dependencies in R code
Result: NOTE
    Namespaces in Imports field not imported from:
     ‘DT’ ‘ez’ ‘forcats’ ‘ggplot2’
     All declared Imports should be used.
Flavors: r-devel-linux-x86_64-fedora-clang, r-devel-linux-x86_64-fedora-gcc, r-devel-windows-x86_64-gcc10-UCRT, r-patched-solaris-x86, r-release-macos-arm64, r-release-macos-x86_64, r-oldrel-macos-x86_64

Version: 1.2.5
Check: data for non-ASCII characters
Result: NOTE
     Note: found 118 marked UTF-8 strings
Flavors: r-devel-linux-x86_64-fedora-clang, r-devel-linux-x86_64-fedora-gcc, r-devel-windows-x86_64-gcc10-UCRT, r-patched-solaris-x86, r-release-macos-arm64, r-release-macos-x86_64, r-oldrel-macos-x86_64