CRAN Package Check Results for Package trustOptim

Last updated on 2024-07-19 00:53:33 CEST.

Flavor Version Tinstall Tcheck Ttotal Status Flags
r-devel-linux-x86_64-debian-clang 0.8.7.3 52.23 78.00 130.23 NOTE
r-devel-linux-x86_64-debian-gcc 0.8.7.3 36.15 59.66 95.81 NOTE
r-devel-linux-x86_64-fedora-clang 0.8.7.3 171.94 NOTE
r-devel-linux-x86_64-fedora-gcc 0.8.7.3 209.12 NOTE
r-devel-windows-x86_64 0.8.7.3 39.00 94.00 133.00 NOTE
r-patched-linux-x86_64 0.8.7.3 47.70 76.12 123.82 NOTE
r-release-linux-x86_64 0.8.7.3 46.50 75.09 121.59 NOTE
r-release-macos-arm64 0.8.7.3 54.00 NOTE
r-release-macos-x86_64 0.8.7.3 105.00 NOTE
r-release-windows-x86_64 0.8.7.3 38.00 96.00 134.00 NOTE
r-oldrel-macos-arm64 0.8.7.3 68.00 NOTE
r-oldrel-macos-x86_64 0.8.7.3 100.00 NOTE
r-oldrel-windows-x86_64 0.8.7.3 48.00 114.00 162.00 NOTE

Check Details

Version: 0.8.7.3
Check: C++ specification
Result: NOTE Specified C++11: please drop specification unless essential Flavors: r-devel-linux-x86_64-debian-clang, r-devel-linux-x86_64-debian-gcc, r-devel-linux-x86_64-fedora-clang, r-devel-linux-x86_64-fedora-gcc, r-devel-windows-x86_64, r-patched-linux-x86_64, r-release-linux-x86_64, r-release-macos-arm64, r-release-macos-x86_64, r-release-windows-x86_64, r-oldrel-macos-arm64, r-oldrel-macos-x86_64, r-oldrel-windows-x86_64

Version: 0.8.7.3
Check: installed package size
Result: NOTE installed size is 8.4Mb sub-directories of 1Mb or more: libs 8.1Mb Flavors: r-release-macos-arm64, r-release-macos-x86_64, r-oldrel-macos-arm64, r-oldrel-macos-x86_64