Last updated on 2023-01-28 23:51:54 CET.
Flavor | Version | Tinstall | Tcheck | Ttotal | Status | Flags |
---|---|---|---|---|---|---|
r-devel-linux-x86_64-debian-clang | 0.0.2 | 125.77 | 248.38 | 374.15 | NOTE | |
r-devel-linux-x86_64-debian-gcc | 0.0.2 | 117.01 | 194.75 | 311.76 | NOTE | |
r-devel-linux-x86_64-fedora-clang | 0.0.2 | 460.68 | NOTE | |||
r-devel-linux-x86_64-fedora-gcc | 0.0.2 | 524.23 | NOTE | |||
r-patched-linux-x86_64 | 0.0.2 | 118.45 | 272.15 | 390.60 | NOTE | |
r-release-linux-x86_64 | 0.0.2 | 97.51 | 266.07 | 363.58 | NOTE | |
r-release-macos-arm64 | 0.0.2 | 140.00 | NOTE | |||
r-release-macos-x86_64 | 0.0.2 | 172.00 | NOTE | |||
r-release-windows-x86_64 | 0.0.2 | 103.00 | 413.00 | 516.00 | NOTE | |
r-oldrel-macos-arm64 | 0.0.2 | 132.00 | NOTE | |||
r-oldrel-macos-x86_64 | 0.0.2 | 173.00 | NOTE | |||
r-oldrel-windows-ix86+x86_64 | 0.0.2 | 296.00 | 868.00 | 1164.00 | NOTE |
Version: 0.0.2
Check: for GNU extensions in Makefiles
Result: NOTE
GNU make is a SystemRequirements.
Flavors: r-devel-linux-x86_64-debian-clang, r-devel-linux-x86_64-debian-gcc, r-devel-linux-x86_64-fedora-clang, r-devel-linux-x86_64-fedora-gcc, r-patched-linux-x86_64, r-release-linux-x86_64, r-release-macos-arm64, r-release-macos-x86_64, r-release-windows-x86_64, r-oldrel-macos-arm64, r-oldrel-macos-x86_64, r-oldrel-windows-ix86+x86_64
Version: 0.0.2
Check: C++ specification
Result: NOTE
Specified C++14: please update to current default of C++17
Flavors: r-devel-linux-x86_64-debian-gcc, r-devel-linux-x86_64-fedora-clang, r-devel-linux-x86_64-fedora-gcc
Version: 0.0.2
Check: dependencies in R code
Result: NOTE
Namespaces in Imports field not imported from:
‘RcppParallel’ ‘rstantools’
All declared Imports should be used.
Flavors: r-devel-linux-x86_64-fedora-clang, r-devel-linux-x86_64-fedora-gcc, r-release-macos-arm64, r-release-macos-x86_64, r-oldrel-macos-arm64, r-oldrel-macos-x86_64
Version: 0.0.2
Check: installed package size
Result: NOTE
installed size is 33.7Mb
sub-directories of 1Mb or more:
libs 33.5Mb
Flavors: r-release-macos-arm64, r-release-macos-x86_64, r-oldrel-macos-arm64, r-oldrel-macos-x86_64