CRAN Package Check Results for Package troopdata

Last updated on 2024-06-21 08:54:37 CEST.

Flavor Version Tinstall Tcheck Ttotal Status Flags
r-devel-linux-x86_64-debian-clang 1.0.0 5.29 43.61 48.90 OK
r-devel-linux-x86_64-debian-gcc 1.0.0 4.74 33.33 38.07 OK
r-devel-linux-x86_64-fedora-clang 1.0.0 63.29 NOTE
r-devel-linux-x86_64-fedora-gcc 1.0.0 59.17 NOTE
r-devel-windows-x86_64 1.0.0 6.00 56.00 62.00 OK
r-patched-linux-x86_64 1.0.0 6.61 42.59 49.20 OK
r-release-linux-x86_64 1.0.0 5.95 41.12 47.07 OK
r-release-macos-arm64 1.0.0 23.00 OK
r-release-macos-x86_64 1.0.0 59.00 OK
r-release-windows-x86_64 1.0.0 7.00 55.00 62.00 OK
r-oldrel-macos-arm64 1.0.0 28.00 OK
r-oldrel-macos-x86_64 1.0.0 51.00 OK
r-oldrel-windows-x86_64 1.0.0 9.00 61.00 70.00 OK

Check Details

Version: 1.0.0
Check: data for non-ASCII characters
Result: NOTE Note: found 192 marked UTF-8 strings Flavors: r-devel-linux-x86_64-fedora-clang, r-devel-linux-x86_64-fedora-gcc