CRAN Package Check Results for Package treestructure

Last updated on 2021-06-17 15:49:26 CEST.

Flavor Version Tinstall Tcheck Ttotal Status Flags
r-devel-linux-x86_64-debian-clang 0.1.0 22.00 46.05 68.05 OK
r-devel-linux-x86_64-debian-gcc 0.1.0 12.10 38.07 50.17 OK
r-devel-linux-x86_64-fedora-clang 0.1.0 98.15 OK
r-devel-linux-x86_64-fedora-gcc 0.1.0 89.51 OK
r-devel-windows-x86_64 0.1.0 26.00 65.00 91.00 OK
r-devel-windows-x86_64-gcc10-UCRT 0.1.0 OK
r-patched-linux-x86_64 0.1.0 15.83 48.67 64.50 OK
r-patched-solaris-x86 0.1.0 114.60 OK
r-release-linux-x86_64 0.1.0 15.54 47.40 62.94 OK
r-release-macos-arm64 0.1.0 WARN
r-release-macos-x86_64 0.1.0 WARN
r-release-windows-ix86+x86_64 0.1.0 46.00 89.00 135.00 OK
r-oldrel-macos-x86_64 0.1.0 WARN
r-oldrel-windows-ix86+x86_64 0.1.0 34.00 81.00 115.00 WARN

Check Details

Version: 0.1.0
Check: package dependencies
Result: NOTE
    Package suggested but not available for checking: ‘ggtree’
Flavors: r-release-macos-arm64, r-release-macos-x86_64, r-oldrel-macos-x86_64

Version: 0.1.0
Check: re-building of vignette outputs
Result: WARN
    Error(s) in re-building vignettes:
     ...
    --- re-building ‘structuredCoalescent.Rmd’ using rmarkdown
    Warning in engine$weave(file, quiet = quiet, encoding = enc) :
     Pandoc (>= 1.12.3) not available. Falling back to R Markdown v1.
    Quitting from lines 64-65 (structuredCoalescent.Rmd)
    Error: processing vignette 'structuredCoalescent.Rmd' failed with diagnostics:
    "ggtree" %in% utils::installed.packages()[, 1] is not TRUE
    --- failed re-building ‘structuredCoalescent.Rmd’
    
    SUMMARY: processing the following file failed:
     ‘structuredCoalescent.Rmd’
    
    Error: Vignette re-building failed.
    Execution halted
Flavors: r-release-macos-arm64, r-release-macos-x86_64

Version: 0.1.0
Check: re-building of vignette outputs
Result: WARN
    Error(s) in re-building vignettes:
     ...
    --- re-building ‘structuredCoalescent.Rmd’ using rmarkdown
    Warning in engine$weave(file, quiet = quiet, encoding = enc) :
     Pandoc (>= 1.12.3) and/or pandoc-citeproc not available. Falling back to R Markdown v1.
    Quitting from lines 64-65 (structuredCoalescent.Rmd)
    Error: processing vignette 'structuredCoalescent.Rmd' failed with diagnostics:
    "ggtree" %in% utils::installed.packages()[, 1] is not TRUE
    --- failed re-building ‘structuredCoalescent.Rmd’
    
    SUMMARY: processing the following file failed:
     ‘structuredCoalescent.Rmd’
    
    Error: Vignette re-building failed.
    Execution halted
Flavor: r-oldrel-macos-x86_64

Version: 0.1.0
Check: re-building of vignette outputs
Result: WARN
    Error(s) in re-building vignettes:
    --- re-building 'structuredCoalescent.Rmd' using rmarkdown
    Quitting from lines 64-65 (structuredCoalescent.Rmd)
    Error: processing vignette 'structuredCoalescent.Rmd' failed with diagnostics:
    argument "caller_env" is missing, with no default
    --- failed re-building 'structuredCoalescent.Rmd'
    
    SUMMARY: processing the following file failed:
     'structuredCoalescent.Rmd'
    
    Error: Vignette re-building failed.
    Execution halted
Flavor: r-oldrel-windows-ix86+x86_64