CRAN Package Check Results for Package treeducken

Last updated on 2021-12-04 15:51:32 CET.

Flavor Version Tinstall Tcheck Ttotal Status Flags
r-devel-linux-x86_64-debian-clang 1.1.0 143.99 77.23 221.22 NOTE
r-devel-linux-x86_64-debian-gcc 1.1.0 109.56 58.46 168.02 NOTE
r-devel-linux-x86_64-fedora-clang 1.1.0 344.54 NOTE
r-devel-linux-x86_64-fedora-gcc 1.1.0 306.31 NOTE
r-devel-windows-x86_64-new-UL 1.1.0 187.00 155.00 342.00 NOTE
r-devel-windows-x86_64-new-TK 1.1.0 NOTE
r-devel-windows-x86_64-old 1.1.0 191.00 90.00 281.00 NOTE
r-patched-linux-x86_64 1.1.0 129.48 65.35 194.83 NOTE
r-release-linux-x86_64 1.1.0 139.09 65.56 204.65 NOTE
r-release-macos-arm64 1.1.0 NOTE
r-release-macos-x86_64 1.1.0 NOTE
r-release-windows-ix86+x86_64 1.1.0 378.00 148.00 526.00 NOTE
r-oldrel-macos-x86_64 1.1.0 NOTE
r-oldrel-windows-ix86+x86_64 1.1.0 374.00 155.00 529.00 OK

Check Details

Version: 1.1.0
Check: LazyData
Result: NOTE
     'LazyData' is specified without a 'data' directory
Flavors: r-devel-linux-x86_64-debian-clang, r-devel-linux-x86_64-debian-gcc, r-devel-linux-x86_64-fedora-clang, r-devel-linux-x86_64-fedora-gcc, r-devel-windows-x86_64-new-UL, r-devel-windows-x86_64-new-TK, r-devel-windows-x86_64-old, r-patched-linux-x86_64, r-release-linux-x86_64, r-release-macos-arm64, r-release-macos-x86_64, r-release-windows-ix86+x86_64

Version: 1.1.0
Check: installed package size
Result: NOTE
     installed size is 5.8Mb
     sub-directories of 1Mb or more:
     libs 5.2Mb
Flavors: r-devel-linux-x86_64-fedora-clang, r-release-macos-arm64, r-release-macos-x86_64, r-oldrel-macos-x86_64