CRAN Package Check Results for Package transmdl

Last updated on 2024-07-20 08:49:55 CEST.

Flavor Version Tinstall Tcheck Ttotal Status Flags
r-devel-linux-x86_64-debian-clang 0.1.0 40.70 39.10 79.80 OK
r-devel-linux-x86_64-debian-gcc 0.1.0 26.98 30.60 57.58 OK
r-devel-linux-x86_64-fedora-clang 0.1.0 149.99 OK
r-devel-linux-x86_64-fedora-gcc 0.1.0 137.94 OK
r-devel-windows-x86_64 0.1.0 38.00 69.00 107.00 OK
r-patched-linux-x86_64 0.1.0 46.00 38.87 84.87 OK
r-release-linux-x86_64 0.1.0 41.51 38.76 80.27 OK
r-release-macos-arm64 0.1.0 34.00 NOTE
r-release-macos-x86_64 0.1.0 41.00 NOTE
r-release-windows-x86_64 0.1.0 44.00 70.00 114.00 OK
r-oldrel-macos-arm64 0.1.0 39.00 NOTE
r-oldrel-macos-x86_64 0.1.0 57.00 NOTE
r-oldrel-windows-x86_64 0.1.0 57.00 78.00 135.00 OK

Check Details

Version: 0.1.0
Check: installed package size
Result: NOTE installed size is 7.9Mb sub-directories of 1Mb or more: libs 7.8Mb Flavors: r-release-macos-arm64, r-release-macos-x86_64, r-oldrel-macos-arm64, r-oldrel-macos-x86_64