Last updated on 2023-12-07 04:02:11 CET.
Flavor | Version | Tinstall | Tcheck | Ttotal | Status | Flags |
---|---|---|---|---|---|---|
r-devel-linux-x86_64-debian-clang | 0.0-4 | 7.84 | 422.58 | 430.42 | OK | |
r-devel-linux-x86_64-debian-gcc | 0.0-4 | 7.43 | 310.46 | 317.89 | OK | |
r-devel-linux-x86_64-fedora-clang | 0.0-4 | 394.71 | OK | |||
r-devel-linux-x86_64-fedora-gcc | 0.0-4 | 348.66 | OK | |||
r-devel-windows-x86_64 | 0.0-4 | 8.00 | 322.00 | 330.00 | OK | |
r-patched-linux-x86_64 | 0.0-4 | 7.37 | 400.64 | 408.01 | OK | |
r-release-linux-x86_64 | 0.0-4 | 8.23 | 406.10 | 414.33 | OK | |
r-release-macos-arm64 | 0.0-4 | 140.00 | OK | |||
r-release-macos-x86_64 | 0.0-4 | 178.00 | NOTE | |||
r-release-windows-x86_64 | 0.0-4 | 12.00 | 410.00 | 422.00 | OK | |
r-oldrel-macos-arm64 | 0.0-4 | 196.00 | OK | |||
r-oldrel-macos-x86_64 | 0.0-4 | 267.00 | OK | |||
r-oldrel-windows-x86_64 | 0.0-4 | 12.00 | 426.00 | 438.00 | OK |
Version: 0.0-4
Check: package dependencies
Result: NOTE
Package suggested but not available for checking: ‘tramnet’
Flavor: r-release-macos-x86_64
Version: 0.0-4
Check: re-building of vignette outputs
Result: NOTE
Note: skipping ‘tramvs.Rnw’ due to unavailable dependencies: 'tramnet'
Flavor: r-release-macos-x86_64