Last updated on 2022-05-18 03:53:51 CEST.
Flavor | Version | Tinstall | Tcheck | Ttotal | Status | Flags |
---|---|---|---|---|---|---|
r-devel-linux-x86_64-debian-clang | 0.1.1 | 13.57 | 126.35 | 139.92 | OK | |
r-devel-linux-x86_64-debian-gcc | 0.1.1 | 9.91 | 91.05 | 100.96 | OK | |
r-devel-linux-x86_64-fedora-clang | 0.1.1 | 150.73 | NOTE | |||
r-devel-linux-x86_64-fedora-gcc | 0.1.1 | 145.53 | NOTE | |||
r-devel-windows-x86_64 | 0.1.1 | 25.00 | 138.00 | 163.00 | OK | |
r-patched-linux-x86_64 | 0.1.1 | 13.63 | 113.22 | 126.85 | OK | |
r-release-linux-x86_64 | 0.1.1 | 7.98 | 113.71 | 121.69 | OK | |
r-release-macos-arm64 | 0.1.1 | 47.00 | NOTE | |||
r-release-macos-x86_64 | 0.1.1 | 72.00 | NOTE | |||
r-release-windows-x86_64 | 0.1.1 | 27.00 | 129.00 | 156.00 | OK | |
r-oldrel-macos-arm64 | 0.1.1 | 65.00 | NOTE | |||
r-oldrel-macos-x86_64 | 0.1.1 | 81.00 | NOTE | |||
r-oldrel-windows-ix86+x86_64 | 0.1.1 | 29.00 | 124.00 | 153.00 | OK |
Version: 0.1.1
Check: dependencies in R code
Result: NOTE
Namespaces in Imports field not imported from:
‘ggplot2’ ‘jpeg’ ‘pastecs’ ‘plyr’ ‘raster’
All declared Imports should be used.
Flavors: r-devel-linux-x86_64-fedora-clang, r-devel-linux-x86_64-fedora-gcc, r-release-macos-arm64, r-release-macos-x86_64, r-oldrel-macos-arm64, r-oldrel-macos-x86_64