CRAN Package Check Results for Package trackdf

Last updated on 2021-03-02 15:48:16 CET.

Flavor Version Tinstall Tcheck Ttotal Status Flags
r-devel-linux-x86_64-debian-clang 0.2.2 OK
r-devel-linux-x86_64-debian-gcc 0.2.2 2.37 47.93 50.30 OK
r-devel-linux-x86_64-fedora-clang 0.2.2 85.79 NOTE
r-devel-linux-x86_64-fedora-gcc 0.2.2 83.38 OK
r-devel-windows-ix86+x86_64 0.2.2 7.00 75.00 82.00 OK
r-patched-linux-x86_64 0.2.2 3.04 61.21 64.25 OK
r-patched-solaris-x86 0.2.2 115.10 NOTE
r-release-linux-x86_64 0.2.2 3.24 59.88 63.12 OK
r-release-macos-x86_64 0.2.2 OK
r-release-windows-ix86+x86_64 0.2.2 19.00 136.00 155.00 OK
r-oldrel-macos-x86_64 0.2.2 OK
r-oldrel-windows-ix86+x86_64 0.2.2 5.00 81.00 86.00 OK

Check Details

Version: 0.2.2
Check: Rd cross-references
Result: NOTE
    Undeclared package ‘rlang’ in Rd xrefs
Flavor: r-devel-linux-x86_64-fedora-clang

Version: 0.2.2
Check: package dependencies
Result: NOTE
    Package suggested but not available for checking: ‘moveVis’
Flavor: r-patched-solaris-x86

Version: 0.2.2
Check: installed package size
Result: NOTE
     installed size is 5.6Mb
     sub-directories of 1Mb or more:
     extdata 5.3Mb
Flavor: r-patched-solaris-x86