CRAN Package Check Results for Package touchard

Last updated on 2021-06-19 23:49:38 CEST.

Flavor Version Tinstall Tcheck Ttotal Status Flags
r-devel-linux-x86_64-debian-clang 2.0.1 4.04 45.11 49.15 OK
r-devel-linux-x86_64-debian-gcc 2.0.1 2.89 34.07 36.96 OK
r-devel-linux-x86_64-fedora-clang 2.0.1 68.41 NOTE
r-devel-linux-x86_64-fedora-gcc 2.0.1 57.01 OK
r-devel-windows-x86_64 2.0.1 8.00 58.00 66.00 OK
r-devel-windows-x86_64-gcc10-UCRT 2.0.1 OK
r-patched-linux-x86_64 2.0.1 4.02 42.98 47.00 OK
r-patched-solaris-x86 2.0.1 78.70 OK
r-release-linux-x86_64 2.0.1 3.56 42.40 45.96 OK
r-release-macos-arm64 2.0.1 OK
r-release-macos-x86_64 2.0.1 OK
r-release-windows-ix86+x86_64 2.0.1 8.00 48.00 56.00 OK
r-oldrel-macos-x86_64 2.0.1 OK
r-oldrel-windows-ix86+x86_64 2.0.1 6.00 62.00 68.00 OK

Check Details

Version: 2.0.1
Check: Rd cross-references
Result: NOTE
    Undeclared package ‘vcd’ in Rd xrefs
Flavor: r-devel-linux-x86_64-fedora-clang