CRAN Package Check Results for Package torchvision

Last updated on 2024-06-13 00:55:35 CEST.

Flavor Version Tinstall Tcheck Ttotal Status Flags
r-devel-linux-x86_64-debian-clang 0.5.1 10.30 83.31 93.61 OK
r-devel-linux-x86_64-debian-gcc 0.5.1 8.11 63.19 71.30 ERROR
r-devel-linux-x86_64-fedora-clang 0.5.1 114.25 OK
r-devel-linux-x86_64-fedora-gcc 0.5.1 110.82 OK
r-devel-windows-x86_64 0.5.1 9.00 83.00 92.00 OK
r-patched-linux-x86_64 0.5.1 13.47 78.39 91.86 OK
r-release-linux-x86_64 0.5.1 11.13 78.99 90.12 OK
r-release-macos-arm64 0.5.1 34.00 OK
r-release-macos-x86_64 0.5.1 50.00 OK
r-release-windows-x86_64 0.5.1 10.00 92.00 102.00 OK
r-oldrel-macos-arm64 0.5.1 38.00 OK
r-oldrel-macos-x86_64 0.5.1 66.00 OK
r-oldrel-windows-x86_64 0.5.1 12.00 96.00 108.00 OK

Check Details

Version: 0.5.1
Check: package dependencies
Result: NOTE Packages suggested but not available for checking: 'magick', 'testthat' Flavor: r-devel-linux-x86_64-debian-gcc

Version: 0.5.1
Check: tests
Result: ERROR Running ‘testthat.R’ [0s/0s] Running the tests in ‘tests/testthat.R’ failed. Complete output: > library(testthat) Error in library(testthat) : there is no package called 'testthat' Execution halted Flavor: r-devel-linux-x86_64-debian-gcc