CRAN Package Check Results for Package topChef

Last updated on 2024-04-14 05:04:21 CEST.

Flavor Version Tinstall Tcheck Ttotal Status Flags
r-devel-linux-x86_64-debian-clang 0.1.0 4.49 54.13 58.62 OK
r-devel-linux-x86_64-debian-gcc 0.1.0 3.85 42.14 45.99 OK
r-devel-linux-x86_64-fedora-clang 0.1.0 75.90 NOTE
r-devel-linux-x86_64-fedora-gcc 0.1.0 84.85 NOTE
r-devel-windows-x86_64 0.1.0 6.00 61.00 67.00 OK
r-patched-linux-x86_64 0.1.0 4.34 53.28 57.62 OK
r-release-linux-x86_64 0.1.0 3.06 51.71 54.77 OK
r-release-macos-arm64 0.1.0 32.00 OK
r-release-macos-x86_64 0.1.0 64.00 OK
r-release-windows-x86_64 0.1.0 7.00 64.00 71.00 OK
r-oldrel-macos-arm64 0.1.0 30.00 OK
r-oldrel-windows-x86_64 0.1.0 7.00 73.00 80.00 OK

Check Details

Version: 0.1.0
Check: data for non-ASCII characters
Result: NOTE Note: found 9 marked UTF-8 strings Flavors: r-devel-linux-x86_64-fedora-clang, r-devel-linux-x86_64-fedora-gcc