Last updated on 2021-03-06 07:53:33 CET.
Flavor | Version | Tinstall | Tcheck | Ttotal | Status | Flags |
---|---|---|---|---|---|---|
r-devel-linux-x86_64-debian-clang | 1.4-10 | 9.60 | 106.67 | 116.27 | OK | |
r-devel-linux-x86_64-debian-gcc | 1.4-10 | 9.48 | 79.04 | 88.52 | OK | |
r-devel-linux-x86_64-fedora-clang | 1.4-10 | 155.56 | NOTE | |||
r-devel-linux-x86_64-fedora-gcc | 1.4-10 | 136.91 | NOTE | |||
r-devel-windows-ix86+x86_64 | 1.4-10 | 27.00 | 166.00 | 193.00 | OK | |
r-patched-linux-x86_64 | 1.4-10 | OK | ||||
r-patched-solaris-x86 | 1.4-10 | 188.80 | OK | |||
r-release-linux-x86_64 | 1.4-10 | 11.06 | 97.64 | 108.70 | OK | |
r-release-macos-x86_64 | 1.4-10 | OK | ||||
r-release-windows-ix86+x86_64 | 1.4-10 | 21.00 | 170.00 | 191.00 | OK | |
r-oldrel-macos-x86_64 | 1.4-10 | OK | ||||
r-oldrel-windows-ix86+x86_64 | 1.4-10 | 17.00 | 125.00 | 142.00 | OK |
Version: 1.4-10
Check: compiled code
Result: NOTE
File ‘tmvtnorm/libs/tmvtnorm.so’:
Found no calls to: ‘R_registerRoutines’, ‘R_useDynamicSymbols’
It is good practice to register native routines and to disable symbol
search.
See ‘Writing portable packages’ in the ‘Writing R Extensions’ manual.
Flavors: r-devel-linux-x86_64-fedora-clang, r-devel-linux-x86_64-fedora-gcc