CRAN Package Check Results for Package tmvnsim

Last updated on 2021-06-12 23:49:23 CEST.

Flavor Version Tinstall Tcheck Ttotal Status Flags
r-devel-linux-x86_64-debian-clang 1.0-2 2.71 19.96 22.67 OK
r-devel-linux-x86_64-debian-gcc 1.0-2 1.94 15.91 17.85 OK
r-devel-linux-x86_64-fedora-clang 1.0-2 37.41 NOTE
r-devel-linux-x86_64-fedora-gcc 1.0-2 26.24 NOTE
r-devel-windows-x86_64 1.0-2 5.00 30.00 35.00 OK
r-devel-windows-x86_64-gcc10-UCRT 1.0-2 OK
r-patched-linux-x86_64 1.0-2 2.29 19.47 21.76 OK
r-patched-solaris-x86 1.0-2 42.20 OK
r-release-linux-x86_64 1.0-2 2.26 19.25 21.51 OK
r-release-macos-arm64 1.0-2 OK
r-release-macos-x86_64 1.0-2 OK
r-release-windows-ix86+x86_64 1.0-2 7.00 34.00 41.00 OK
r-oldrel-macos-x86_64 1.0-2 OK
r-oldrel-windows-ix86+x86_64 1.0-2 7.00 32.00 39.00 OK

Check Details

Version: 1.0-2
Check: compiled code
Result: NOTE
    File ‘tmvnsim/libs/tmvnsim.so’:
     Found no calls to: ‘R_registerRoutines’, ‘R_useDynamicSymbols’
    
    It is good practice to register native routines and to disable symbol
    search.
    
    See ‘Writing portable packages’ in the ‘Writing R Extensions’ manual.
Flavors: r-devel-linux-x86_64-fedora-clang, r-devel-linux-x86_64-fedora-gcc