CRAN Package Check Results for Package tmpm

Last updated on 2022-05-29 03:52:23 CEST.

Flavor Version Tinstall Tcheck Ttotal Status Flags
r-devel-linux-x86_64-debian-clang 1.0.3 2.65 38.11 40.76 NOTE
r-devel-linux-x86_64-debian-gcc 1.0.3 2.27 30.13 32.40 NOTE
r-devel-linux-x86_64-fedora-clang 1.0.3 49.35 NOTE
r-devel-linux-x86_64-fedora-gcc 1.0.3 38.02 NOTE
r-devel-windows-x86_64 1.0.3 10.00 54.00 64.00 NOTE
r-patched-linux-x86_64 1.0.3 2.29 37.03 39.32 NOTE
r-release-linux-x86_64 1.0.3 2.25 37.01 39.26 NOTE
r-release-macos-arm64 1.0.3 18.00 NOTE
r-release-macos-x86_64 1.0.3 24.00 NOTE
r-release-windows-x86_64 1.0.3 12.00 59.00 71.00 NOTE
r-oldrel-macos-arm64 1.0.3 22.00 NOTE
r-oldrel-macos-x86_64 1.0.3 29.00 NOTE
r-oldrel-windows-ix86+x86_64 1.0.3 8.00 49.00 57.00 NOTE

Check Details

Version: 1.0.3
Check: LazyData
Result: NOTE
     'LazyData' is specified without a 'data' directory
Flavors: r-devel-linux-x86_64-debian-clang, r-devel-linux-x86_64-debian-gcc, r-devel-linux-x86_64-fedora-clang, r-devel-linux-x86_64-fedora-gcc, r-devel-windows-x86_64, r-patched-linux-x86_64, r-release-linux-x86_64, r-release-macos-arm64, r-release-macos-x86_64, r-release-windows-x86_64, r-oldrel-macos-arm64, r-oldrel-macos-x86_64, r-oldrel-windows-ix86+x86_64