CRAN Package Check Results for Package tmbstan

Last updated on 2021-06-20 03:48:43 CEST.

Flavor Version Tinstall Tcheck Ttotal Status Flags
r-devel-linux-x86_64-debian-clang 1.0.2 112.94 119.24 232.18 OK
r-devel-linux-x86_64-debian-gcc 1.0.2 98.63 94.43 193.06 OK
r-devel-linux-x86_64-fedora-clang 1.0.2 307.80 NOTE
r-devel-linux-x86_64-fedora-gcc 1.0.2 312.88 OK
r-devel-windows-x86_64 1.0.2 144.00 162.00 306.00 OK
r-devel-windows-x86_64-gcc10-UCRT 1.0.2 OK
r-patched-linux-x86_64 1.0.2 112.20 117.80 230.00 OK
r-patched-solaris-x86 1.0.2 353.30 OK
r-release-linux-x86_64 1.0.2 106.74 117.88 224.62 OK
r-release-macos-arm64 1.0.2 NOTE
r-release-macos-x86_64 1.0.2 NOTE
r-release-windows-ix86+x86_64 1.0.2 254.00 198.00 452.00 OK
r-oldrel-macos-x86_64 1.0.2 NOTE
r-oldrel-windows-ix86+x86_64 1.0.2 170.00 250.00 420.00 OK

Check Details

Version: 1.0.2
Check: installed package size
Result: NOTE
     installed size is 27.1Mb
     sub-directories of 1Mb or more:
     libs 26.8Mb
Flavors: r-devel-linux-x86_64-fedora-clang, r-release-macos-arm64, r-release-macos-x86_64, r-oldrel-macos-x86_64