CRAN Package Check Results for Package tmaptools

Last updated on 2021-04-12 23:48:18 CEST.

Flavor Version Tinstall Tcheck Ttotal Status Flags
r-devel-linux-x86_64-debian-clang 3.1-1 8.31 86.85 95.16 NOTE
r-devel-linux-x86_64-debian-gcc 3.1-1 5.54 64.69 70.23 NOTE
r-devel-linux-x86_64-fedora-clang 3.1-1 121.28 NOTE
r-devel-linux-x86_64-fedora-gcc 3.1-1 109.25 NOTE
r-devel-windows-ix86+x86_64 3.1-1 18.00 106.00 124.00 NOTE
r-devel-windows-x86_64-gcc10-UCRT 3.1-1 NOTE
r-patched-linux-x86_64 3.1-1 6.79 79.92 86.71 OK
r-patched-solaris-x86 3.1-1 159.20 OK
r-release-linux-x86_64 3.1-1 6.91 79.91 86.82 OK
r-release-macos-x86_64 3.1-1 OK
r-release-windows-ix86+x86_64 3.1-1 14.00 109.00 123.00 OK
r-oldrel-macos-x86_64 3.1-1 OK
r-oldrel-windows-ix86+x86_64 3.1-1 16.00 79.00 95.00 OK

Check Details

Version: 3.1-1
Check: LazyData
Result: NOTE
     'LazyData' is specified without a 'data' directory
Flavors: r-devel-linux-x86_64-debian-clang, r-devel-linux-x86_64-debian-gcc, r-devel-linux-x86_64-fedora-clang, r-devel-linux-x86_64-fedora-gcc, r-devel-windows-ix86+x86_64, r-devel-windows-x86_64-gcc10-UCRT

Version: 3.1-1
Check: Rd cross-references
Result: NOTE
    Undeclared package ‘sp’ in Rd xrefs
Flavor: r-devel-linux-x86_64-fedora-clang