CRAN Package Check Results for Package tlrmvnmvt

Last updated on 2021-03-08 19:51:25 CET.

Flavor Version Tinstall Tcheck Ttotal Status Flags
r-devel-linux-x86_64-debian-clang 1.1.0 244.81 41.67 286.48 OK
r-devel-linux-x86_64-debian-gcc 1.1.0 145.47 32.88 178.35 OK
r-devel-linux-x86_64-fedora-clang 1.1.0 423.88 NOTE
r-devel-linux-x86_64-fedora-gcc 1.1.0 338.68 OK
r-devel-windows-ix86+x86_64 1.1.0 550.00 108.00 658.00 OK
r-devel-windows-x86_64-gcc10-UCRT 1.1.0 OK
r-patched-linux-x86_64 1.1.0 185.44 41.64 227.08 OK
r-patched-solaris-x86 1.1.0 283.60 OK
r-release-linux-x86_64 1.1.0 185.87 41.65 227.52 OK
r-release-macos-x86_64 1.1.0 NOTE
r-release-windows-ix86+x86_64 1.1.0 451.00 111.00 562.00 OK
r-oldrel-macos-x86_64 1.1.0 NOTE
r-oldrel-windows-ix86+x86_64 1.1.0 353.00 82.00 435.00 OK

Check Details

Version: 1.1.0
Check: installed package size
Result: NOTE
     installed size is 11.4Mb
     sub-directories of 1Mb or more:
     libs 11.2Mb
Flavors: r-devel-linux-x86_64-fedora-clang, r-release-macos-x86_64, r-oldrel-macos-x86_64