CRAN Package Check Results for Package titrationCurves

Last updated on 2021-12-04 19:53:14 CET.

Flavor Version Tinstall Tcheck Ttotal Status Flags
r-devel-linux-x86_64-debian-clang 0.1.0 2.71 46.31 49.02 NOTE
r-devel-linux-x86_64-debian-gcc 0.1.0 2.04 36.86 38.90 NOTE
r-devel-linux-x86_64-fedora-clang 0.1.0 64.44 NOTE
r-devel-linux-x86_64-fedora-gcc 0.1.0 51.64 NOTE
r-devel-windows-x86_64-new-UL 0.1.0 8.00 135.00 143.00 NOTE
r-devel-windows-x86_64-new-TK 0.1.0 NOTE
r-devel-windows-x86_64-old 0.1.0 6.00 56.00 62.00 NOTE
r-patched-linux-x86_64 0.1.0 2.83 37.10 39.93 NOTE
r-release-linux-x86_64 0.1.0 2.86 37.03 39.89 NOTE
r-release-macos-arm64 0.1.0 NOTE
r-release-macos-x86_64 0.1.0 NOTE
r-release-windows-ix86+x86_64 0.1.0 6.00 69.00 75.00 NOTE
r-oldrel-macos-x86_64 0.1.0 OK
r-oldrel-windows-ix86+x86_64 0.1.0 6.00 74.00 80.00 OK

Check Details

Version: 0.1.0
Check: LazyData
Result: NOTE
     'LazyData' is specified without a 'data' directory
Flavors: r-devel-linux-x86_64-debian-clang, r-devel-linux-x86_64-debian-gcc, r-devel-linux-x86_64-fedora-clang, r-devel-linux-x86_64-fedora-gcc, r-devel-windows-x86_64-new-UL, r-devel-windows-x86_64-new-TK, r-devel-windows-x86_64-old, r-patched-linux-x86_64, r-release-linux-x86_64, r-release-macos-arm64, r-release-macos-x86_64, r-release-windows-ix86+x86_64