CRAN Package Check Results for Package timeseriesdb

Last updated on 2024-07-23 11:53:17 CEST.

Flavor Version Tinstall Tcheck Ttotal Status Flags
r-devel-linux-x86_64-debian-clang 1.0.0-1.1.2 8.02 81.64 89.66 NOTE
r-devel-linux-x86_64-debian-gcc 1.0.0-1.1.2 5.85 61.91 67.76 NOTE
r-devel-linux-x86_64-fedora-clang 1.0.0-1.1.2 115.02 NOTE
r-devel-linux-x86_64-fedora-gcc 1.0.0-1.1.2 127.45 NOTE
r-devel-windows-x86_64 1.0.0-1.1.2 11.00 91.00 102.00 NOTE
r-patched-linux-x86_64 1.0.0-1.1.2 8.96 76.71 85.67 NOTE
r-release-linux-x86_64 1.0.0-1.1.2 7.98 76.48 84.46 NOTE
r-release-macos-arm64 1.0.0-1.1.2 42.00 NOTE
r-release-macos-x86_64 1.0.0-1.1.2 66.00 NOTE
r-release-windows-x86_64 1.0.0-1.1.2 8.00 88.00 96.00 NOTE
r-oldrel-macos-arm64 1.0.0-1.1.2 48.00 OK
r-oldrel-macos-x86_64 1.0.0-1.1.2 68.00 OK
r-oldrel-windows-x86_64 1.0.0-1.1.2 10.00 100.00 110.00 OK

Check Details

Version: 1.0.0-1.1.2
Check: Rd files
Result: NOTE checkRd: (-1) setup_sql_functions.Rd:5: Lost braces; missing escapes or markup? 5 | \title{Install {timeseriesdb} System Functions} | ^ checkRd: (-1) setup_sql_functions.Rd:17: Lost braces; missing escapes or markup? 17 | Installs functions needed to operated {timeseriesdb} in | ^ checkRd: (-1) setup_sql_grant_rights.Rd:5: Lost braces; missing escapes or markup? 5 | \title{Grant execute on {timeseriesdb} functions} | ^ checkRd: (-1) setup_sql_grant_rights.Rd:17: Lost braces; missing escapes or markup? 17 | Grant execute on {timeseriesdb} functions | ^ checkRd: (-1) setup_sql_tables.Rd:5: Lost braces; missing escapes or markup? 5 | \title{Install {timeseriesdb} System Tables} | ^ checkRd: (-1) setup_sql_tables.Rd:17: Lost braces; missing escapes or markup? 17 | Installs tables needed to operated {timeseriesdb} in | ^ checkRd: (-1) setup_sql_triggers.Rd:5: Lost braces; missing escapes or markup? 5 | \title{Install {timeseriesdb} Triggers} | ^ Flavors: r-devel-linux-x86_64-debian-clang, r-devel-linux-x86_64-debian-gcc, r-devel-linux-x86_64-fedora-clang, r-devel-linux-x86_64-fedora-gcc, r-devel-windows-x86_64, r-patched-linux-x86_64, r-release-linux-x86_64, r-release-macos-arm64, r-release-macos-x86_64, r-release-windows-x86_64