CRAN Package Check Results for Package tidyxl

Last updated on 2021-02-26 15:51:08 CET.

Flavor Version Tinstall Tcheck Ttotal Status Flags
r-devel-linux-x86_64-debian-clang 1.0.7 191.62 62.14 253.76 OK
r-devel-linux-x86_64-debian-gcc 1.0.7 117.22 47.41 164.63 OK
r-devel-linux-x86_64-fedora-clang 1.0.7 400.28 NOTE
r-devel-linux-x86_64-fedora-gcc 1.0.7 317.52 OK
r-devel-windows-ix86+x86_64 1.0.7 328.00 93.00 421.00 OK
r-patched-linux-x86_64 1.0.7 140.70 60.20 200.90 OK
r-patched-solaris-x86 1.0.7 259.40 OK
r-release-linux-x86_64 1.0.7 141.56 60.86 202.42 OK
r-release-macos-x86_64 1.0.7 NOTE
r-release-windows-ix86+x86_64 1.0.7 383.00 128.00 511.00 OK
r-oldrel-macos-x86_64 1.0.7 NOTE
r-oldrel-windows-ix86+x86_64 1.0.7 299.00 95.00 394.00 OK

Check Details

Version: 1.0.7
Check: installed package size
Result: NOTE
     installed size is 11.8Mb
     sub-directories of 1Mb or more:
     libs 10.7Mb
Flavors: r-devel-linux-x86_64-fedora-clang, r-release-macos-x86_64, r-oldrel-macos-x86_64