CRAN Package Check Results for Package tidywikidatar

Last updated on 2021-12-08 19:51:52 CET.

Flavor Version Tinstall Tcheck Ttotal Status Flags
r-devel-linux-x86_64-debian-clang 0.4.2 4.60 94.82 99.42 OK
r-devel-linux-x86_64-debian-gcc 0.4.2 3.91 72.86 76.77 OK
r-devel-linux-x86_64-fedora-clang 0.4.2 116.04 OK
r-devel-linux-x86_64-fedora-gcc 0.4.2 96.57 OK
r-devel-windows-x86_64-new-UL 0.4.2 15.00 163.00 178.00 OK
r-devel-windows-x86_64-new-TK 0.4.2 OK
r-devel-windows-x86_64-old 0.4.2 9.00 108.00 117.00 OK
r-patched-linux-x86_64 0.4.2 5.20 118.15 123.35 OK
r-release-linux-x86_64 0.4.2 4.78 116.66 121.44 OK
r-release-macos-arm64 0.4.2 OK
r-release-macos-x86_64 0.4.2 OK
r-release-windows-ix86+x86_64 0.4.2 7.00 186.00 193.00 ERROR
r-oldrel-macos-x86_64 0.4.2 OK
r-oldrel-windows-ix86+x86_64 0.4.2 12.00 212.00 224.00 OK

Check Details

Version: 0.4.2
Check: tests
Result: ERROR
     Running 'spelling.R' [0s]
     Running 'testthat.R' [55s]
    Running the tests in 'tests/testthat.R' failed.
    Complete output:
     > library(testthat)
     > library(tidywikidatar)
     >
     > test_check("tidywikidatar")
     x Timeout was reached: [wikidata.org] Connection timed out after 10001 milliseconds
     == Skipped tests ===============================================================
     * On CRAN (1)
    
     == Failed tests ================================================================
     -- Failure (test-get_properties.R:167:3): check if property are returned correctly when multiple NA included --
     {
     ...
     } (`actual`) not equal to 2 (`expected`).
    
     `actual`: 3
     `expected`: 2
    
     [ FAIL 1 | WARN 0 | SKIP 1 | PASS 30 ]
     Error: Test failures
     In addition: Warning message:
     call dbDisconnect() when finished working with a connection
     Execution halted
Flavor: r-release-windows-ix86+x86_64