CRAN Package Check Results for Package tidystats

Last updated on 2024-06-17 16:58:54 CEST.

Flavor Version Tinstall Tcheck Ttotal Status Flags
r-devel-linux-x86_64-debian-clang 0.6.1 7.32 88.90 96.22 OK
r-devel-linux-x86_64-debian-gcc 0.6.1 5.03 63.71 68.74 OK
r-devel-linux-x86_64-fedora-clang 0.6.1 118.11 NOTE
r-devel-linux-x86_64-fedora-gcc 0.6.1 123.33 NOTE
r-devel-windows-x86_64 0.6.1 6.00 85.00 91.00 OK
r-patched-linux-x86_64 0.6.1 6.64 85.32 91.96 OK
r-release-linux-x86_64 0.6.1 3.67 83.15 86.82 OK
r-release-macos-arm64 0.6.1 46.00 OK
r-release-macos-x86_64 0.6.1 94.00 OK
r-release-windows-x86_64 0.6.1 8.00 88.00 96.00 OK
r-oldrel-macos-arm64 0.6.1 54.00 OK
r-oldrel-macos-x86_64 0.6.1 96.00 OK
r-oldrel-windows-x86_64 0.6.1 9.00 94.00 103.00 OK

Check Details

Version: 0.6.1
Check: Rd cross-references
Result: NOTE Undeclared package ‘datawizard’ in Rd xrefs Flavor: r-devel-linux-x86_64-fedora-clang

Version: 0.6.1
Check: data for non-ASCII characters
Result: NOTE Note: found 113 marked UTF-8 strings Flavors: r-devel-linux-x86_64-fedora-clang, r-devel-linux-x86_64-fedora-gcc