Last updated on 2023-03-21 07:54:25 CET.
Flavor | Version | Tinstall | Tcheck | Ttotal | Status | Flags |
---|---|---|---|---|---|---|
r-devel-linux-x86_64-debian-clang | 0.1.0 | OK | ||||
r-devel-linux-x86_64-debian-gcc | 0.1.0 | 10.37 | 80.09 | 90.46 | OK | |
r-devel-linux-x86_64-fedora-clang | 0.1.0 | 160.12 | NOTE | |||
r-devel-linux-x86_64-fedora-gcc | 0.1.0 | 139.22 | NOTE | |||
r-patched-linux-x86_64 | 0.1.0 | 17.23 | 100.32 | 117.55 | OK | |
r-release-linux-x86_64 | 0.1.0 | 10.03 | 99.17 | 109.20 | OK | |
r-release-macos-arm64 | 0.1.0 | 42.00 | NOTE | |||
r-release-macos-x86_64 | 0.1.0 | 60.00 | NOTE | |||
r-release-windows-x86_64 | 0.1.0 | 25.00 | 127.00 | 152.00 | OK | |
r-oldrel-macos-arm64 | 0.1.0 | 43.00 | NOTE | |||
r-oldrel-macos-x86_64 | 0.1.0 | 62.00 | NOTE | |||
r-oldrel-windows-ix86+x86_64 | 0.1.0 | 28.00 | 134.00 | 162.00 | OK |
Version: 0.1.0
Check: dependencies in R code
Result: NOTE
Namespace in Imports field not imported from: ‘reticulate’
All declared Imports should be used.
Flavors: r-devel-linux-x86_64-fedora-clang, r-devel-linux-x86_64-fedora-gcc, r-release-macos-arm64, r-release-macos-x86_64, r-oldrel-macos-arm64, r-oldrel-macos-x86_64