CRAN Package Check Results for Package tidyr

Last updated on 2021-05-12 23:49:32 CEST.

Flavor Version Tinstall Tcheck Ttotal Status Flags
r-devel-linux-x86_64-debian-clang 1.1.3 15.50 104.17 119.67 OK
r-devel-linux-x86_64-debian-gcc 1.1.3 12.14 80.44 92.58 OK
r-devel-linux-x86_64-fedora-clang 1.1.3 150.63 NOTE
r-devel-linux-x86_64-fedora-gcc 1.1.3 141.09 NOTE
r-devel-windows-ix86+x86_64 1.1.3 46.00 130.00 176.00 OK
r-devel-windows-x86_64-gcc10-UCRT 1.1.3 NOTE
r-patched-linux-x86_64 1.1.3 14.63 99.08 113.71 OK
r-patched-solaris-x86 1.1.3 191.20 NOTE
r-release-linux-x86_64 1.1.3 15.23 100.42 115.65 OK
r-release-macos-x86_64 1.1.3 NOTE
r-release-windows-ix86+x86_64 1.1.3 32.00 185.00 217.00 OK
r-oldrel-macos-x86_64 1.1.3 NOTE
r-oldrel-windows-ix86+x86_64 1.1.3 41.00 164.00 205.00 OK

Check Details

Version: 1.1.3
Check: data for non-ASCII characters
Result: NOTE
     Note: found 24 marked UTF-8 strings
Flavors: r-devel-linux-x86_64-fedora-clang, r-devel-linux-x86_64-fedora-gcc, r-devel-windows-x86_64-gcc10-UCRT, r-patched-solaris-x86, r-release-macos-x86_64, r-oldrel-macos-x86_64