CRAN Package Check Results for Package tidyr

Last updated on 2022-01-21 03:56:15 CET.

Flavor Version Tinstall Tcheck Ttotal Status Flags
r-devel-linux-x86_64-debian-clang 1.1.4 OK
r-devel-linux-x86_64-debian-gcc 1.1.4 11.84 78.85 90.69 OK
r-devel-linux-x86_64-fedora-clang 1.1.4 151.49 NOTE
r-devel-linux-x86_64-fedora-gcc 1.1.4 133.31 NOTE
r-devel-windows-x86_64-new-UL 1.1.4 92.00 145.00 237.00 OK
r-devel-windows-x86_64-new-TK 1.1.4 NOTE
r-patched-linux-x86_64 1.1.4 15.47 108.03 123.50 OK
r-release-linux-x86_64 1.1.4 14.89 106.76 121.65 OK
r-release-macos-arm64 1.1.4 NOTE
r-release-macos-x86_64 1.1.4 NOTE
r-release-windows-ix86+x86_64 1.1.4 43.00 167.00 210.00 OK
r-oldrel-macos-x86_64 1.1.4 NOTE
r-oldrel-windows-ix86+x86_64 1.1.4 44.00 170.00 214.00 OK

Check Details

Version: 1.1.4
Check: data for non-ASCII characters
Result: NOTE
     Note: found 24 marked UTF-8 strings
Flavors: r-devel-linux-x86_64-fedora-clang, r-devel-linux-x86_64-fedora-gcc, r-devel-windows-x86_64-new-TK, r-release-macos-arm64, r-release-macos-x86_64, r-oldrel-macos-x86_64